culate the highest common factor of m and s.
3
Let z = -26727 - -29729. What is the greatest common divisor of z and 152?
38
Let n be 90*((-1)/(-3))/((-2)/(-262)). Suppose 2*h = -8, h + n = 5*x + 6*h. Let b be 4 + (-138)/36 - x/(-12). Calculate the highest common divisor of 6 and b.
6
Let s(p) = -2 - 3 + 29*p - 7*p + 11*p. Suppose d - 26 = -5*o, -d + 12 = 2*o + d. Let m be s(o). Calculate the highest common factor of m and 20.
20
Let i(q) = 23*q**2 + 19*q. Let u be i(1). Calculate the greatest common divisor of u and 9072.
42
Let j(g) = 4*g**2 - 12*g - 142. Let p = 534 + -517. Let a be j(p). Calculate the highest common factor of a and 90.
90
Suppose -2*u - 34 = 4*t - 5*t, -4*u - 164 = -5*t. Let w = -5 - -10. Suppose -a - 1 - 4 = 0, w*a + 57 = 2*b. What is the greatest common factor of b and t?
16
Suppose -5*p + 1110 = l + 384, -24 = -4*l. Calculate the highest common divisor of p and 10512.
144
Let q(h) = -34*h**2 - 41 + 9*h + 84*h**2 - 48*h**2. Let x be q(5). What is the highest common factor of x and 351?
27
Suppose 4*m + 3*f + 4 = 3*m, -2*f - 6 = -m. Let h be (2/8 + m)*4. Let p = -3777 - -3849. Calculate the highest common divisor of p and h.
9
Suppose -54*a = -728286 - 478290. What is the highest common divisor of 28 and a?
28
Suppose 4*j + q - 56 = 0, 13*q - 58 = -2*j + 10*q. Let g be 4/6*(2 - -1). Suppose g*t - 154 = -0*t. Calculate the greatest common divisor of t and j.
11
Let i(u) be the second derivative of 7*u**3/3 - 169*u**2/2 + 7*u - 15. Let k be i(16). Calculate the highest common divisor of 22 and k.
11
Let y = -13863 - -14502. Calculate the highest common divisor of 4899 and y.
213
Suppose 4*u + 5*y - 24 = 0, y - 4 = -u + 2. Suppose -16*x + 6360 = -u*x. What is the highest common divisor of x and 12?
12
Let v be ((3 - 1) + (6 - 12))*-1. Suppose -5*r + v*x = -271, -6*r + 3*x = -r - 272. Let m = 66 - r. Calculate the highest common factor of m and 44.
11
Let b = 10972 - 10846. Calculate the greatest common factor of 966 and b.
42
Let o be (1/(-2))/((2100/6832)/(-75)). Calculate the highest common factor of o and 2867.
61
Suppose d - 5*d + 60 = 0. Let t(y) = -19*y + 3. Suppose -7*v + 12 - 33 = 0. Let m be t(v). What is the greatest common factor of m and d?
15
Let u = 24 - 13. Suppose 0 = u*d - 1 - 219. Suppose -7*l + 2*l + d = 0. Calculate the greatest common factor of 4 and l.
4
Let r = -752 - -1098. Let h be ((-1040)/(-10))/8*(2 + 1). Suppose -7*i = -h - r. Calculate the greatest common factor of 5 and i.
5
Let r = 788 + -399. Let o be 16/12 + (-4 - (-51)/9). Suppose 5*g = -i + r, -4*i = -13 - o. Calculate the highest common factor of 7 and g.
7
Suppose -3*y - 2*b + 244 = 0, -22 = y - b - 110. Let r = -61 + 61. Suppose r = 3*t - 23 - 13. Calculate the greatest common factor of y and t.
12
Let g = -7307 + 39093. What is the highest common factor of 46 and g?
46
Let v be (-4)/((-6)/33*1). Let x = 401 - 699. Let i = -100 - x. Calculate the greatest common divisor of v and i.
22
Let h be 39*18/(-21)*-7. Let b(a) = -a**3 + 49*a**2 - 37*a - 216. Let k be b(48). Calculate the greatest common factor of h and k.
78
Let m(g) = -10*g - 25. Let a be m(-4). Let j(x) = -3 - 1 + 2 - a*x + 3. Let q be j(-6). What is the highest common divisor of q and 13?
13
Let h(r) = -r**2 - 14*r + 99. Let w be h(-23). Let d = w - -121. What is the greatest common divisor of d and 143?
13
Suppose 0 = 1885*c - 1909*c + 312. What is the greatest common divisor of 3 and c?
1
Let n(v) = -3*v**2 + 27*v + 58. Let m be n(-2). Let a(t) = 11*t**2 + t - 1. Let c be a(1). Let p = c + m. What is the highest common factor of p and 3?
3
Suppose 117*r - 3 = 120*r, 0 = 3*o + r - 3101. What is the greatest common factor of o and 55?
11
Suppose -5*o + 10085 = -a - 55101, 52140 = 4*o - 3*a. What is the greatest common divisor of 212 and o?
106
Let o(k) = 2*k**3 - 5*k**2 - 4*k + 10. Let m be o(3). Suppose 20*p = m*p + 299. Calculate the greatest common factor of 69 and p.
23
Let b be 4*(-1)/3 - 19*80/(-24). What is the greatest common divisor of 248 and b?
62
Suppose -220 = b + 10*b. Let m(l) = 2*l**3 + 39*l**2 - 21*l + 35. Let n be m(b). What is the highest common divisor of 5 and n?
5
Suppose 2*x - 13 = 3*w, -w - 16 = 4*x - 7. Let k(h) = -2*h + 2. Let y be k(x). Let a(z) = 20*z. Let c be a(y). Calculate the highest common divisor of c and 5.
5
Suppose 0 = 4*f + 3*k - 142 - 173, 238 = 3*f + 4*k. Calculate the greatest common factor of f and 3744.
78
Let y(i) = 13*i - 127. Let p be y(10). Suppose -17*b + 6 = -14*b, -4*b = p*o - 3338. What is the highest common factor of 30 and o?
30
Suppose 0*a - 101948 = 22*a. Let r be 1/(-2) - a/28. What is the greatest common divisor of r and 15?
15
Let f be ((-192)/792 - (2 + (-63)/33))*-5226. What is the greatest common divisor of f and 52?
26
Let l(h) = -2*h**3 + 3*h**2 + 5*h + 2. Let w be l(-3). Suppose -74*f - 24 = -35*f - 42*f. Calculate the highest common divisor of f and w.
4
Suppose 0 = 2*i - 2*d + 294, 5*d + 0*d = -10. Let g = -129 - i. What is the highest common factor of 60 and g?
20
Let a = 48518 - 30103. Calculate the highest common factor of 145 and a.
145
Let j(r) = 12*r**2 - 4. Let l be j(3). Suppose 0 = 18*d - 14*d - 5*c - 17, -10 = -2*d + 2*c. Calculate the greatest common divisor of d and l.
8
Suppose -5*y - t + 55 = 0, -39*y + 36*y = 5*t - 55. Suppose 7 = 2*h + v, -h + 16 = 3*v + y. Calculate the greatest common divisor of 4 and h.
1
Suppose -9*u + 6*u - 6*u = 0. Let r be (u + (-11)/22)*(1 - 29). Calculate the greatest common divisor of r and 35.
7
Let f(v) = 28*v**2 - 1. Let r be f(3). Let x be 6/42 + r/7. Let b(c) = 6*c**2 + 7*c - 25. Let j be b(-5). What is the greatest common factor of j and x?
18
Let b(d) = -d**2 - 30*d - 35. Suppose -4*h = -2*s + 62, h - 3*s = -4*s - 14. Let y be b(h). What is the greatest common factor of y and 20?
10
Let b(o) = -o - 1. Let p be b(-3). Suppose 3*y = -7 - p, -4*w = y - 17. Suppose 5 = w*m - 5. What is the highest common divisor of 5 and m?
1
Let m = -17 - -57. Suppose -2*b + m = 3*b. Let w(f) = 29*f**2 + f + 2. Let v be w(1). What is the greatest common divisor of v and b?
8
Let p = 48 + 7. Let i be -2*(-7 - 49/2). Let d be 606/27 + (-28)/i. What is the highest common divisor of p and d?
11
Let v be 20 - -492 - 3*4. Let i = -11 + 31. What is the highest common factor of v and i?
20
Suppose 3*p - 88 = -42*g + 37*g, 3*g + 3*p = 54. Let k be (0 + (-3 - -7))*4/4. Suppose -18 = -k*m + 322. What is the greatest common divisor of m and g?
17
Let l be 16 + 0 + -4 + 4. Let g(v) = 14*v - 81. Let f be g(l). Calculate the highest common factor of 13 and f.
13
Let c = 233 + -221. Suppose 0 = -3*f + 4*g + 64, f + 2*g = g + c. What is the highest common factor of 64 and f?
16
Let o(g) = g**2 + 71*g - 508. Let m be o(7). Calculate the highest common factor of m and 646.
38
Suppose 18*a = 15*a + 9. Let v be (-34)/a*900/(-40). Calculate the greatest common divisor of 85 and v.
85
Suppose 0 = 2*f + 4, -4*a + 0*f - 2*f + 44 = 0. Let q(z) = -2*z + 3*z + 17021 - 17019. Let h be q(a). Calculate the greatest common divisor of h and 98.
14
Let i be 171/12 + 2/(-8). Let s(l) = 15*l**3 + 2*l**2 - 1. Let p be s(1). Let j = 114 - p. What is the highest common divisor of j and i?
14
Let r = 319 + -191. Let g be r + 12/(-42) + 12/(-7). Calculate the highest common factor of 14 and g.
14
Suppose -h - 5*w - 134 = -0*w, -h - 134 = -3*w. Let n = 130 + h. Let f be 11328/42 + 0 + n/(-14). Calculate the greatest common factor of f and 30.
30
Suppose -8*p + 16*p + 6*p - 248374 = 0. What is the greatest common divisor of 628 and p?
157
Suppose 6*y - 25 = y, -2*h - y + 997 = 0. Suppose 442 - h = -3*w. Calculate the greatest common factor of 126 and w.
18
Let c = -1947 + 1983. Suppose 19*b - 16*b = 108. Calculate the greatest common factor of b and c.
36
Let s(y) = -y**3 - 19*y**2 - 14*y - 7. Suppose -98 + 170 = -4*t. Let l be s(t). Let v = -57 - l. What is the greatest common factor of v and 88?
22
Let i be (-1 + -1)*(9 - (-84)/(-8)). Suppose -i*h + 18 = -2*v, -h + 0 + 13 = -3*v. Calculate the greatest common factor of 3 and h.
1
Suppose -749*h + 700*h = -5390. What is the greatest common factor of h and 220?
110
Let v be (2/6)/(3/72). Let w = 13 - v. Suppose w*b - 27 = 3. What is the greatest common factor of b and